se 9
-1536
Convert 0 (base 4) to base 3.
0
What is -182 (base 12) in base 15?
-112
What is -122 (base 11) in base 4?
-2101
Convert 28348 (base 13) to base 11.
51603
Convert 3046 (base 10) to base 2.
101111100110
What is 643 (base 7) in base 15?
16a
Convert 408 (base 12) to base 11.
491
101110111101111 (base 2) to base 15
71d2
64021 (base 7) to base 8
36661
-c51 (base 13) to base 4
-200232
What is -11222 (base 4) in base 12?
-262
-21110 (base 3) to base 13
-126
What is -412 (base 11) in base 6?
-2145
Convert 688 (base 13) to base 5.
14001
16652 (base 7) to base 10
4790
Convert -4012 (base 15) to base 7.
-54260
139 (base 15) to base 11
234
What is -95 (base 13) in base 12?
-a2
What is -2111 (base 5) in base 8?
-431
What is -920 (base 12) in base 15?
-5d0
What is -10001001111 (base 2) in base 16?
-44f
19b (base 14) to base 12
239
Convert -17a4 (base 13) to base 15.
-1094
Convert 5323 (base 8) to base 4.
223103
What is -d88 (base 14) in base 6?
-20204
Convert -244034 (base 5) to base 2.
-10010000110101
Convert -2601 (base 14) to base 10.
-6665
What is -424230 (base 5) in base 8?
-33753
What is bb (base 13) in base 10?
154
Convert -578 (base 9) to base 6.
-2112
16829 (base 12) to base 5
2013124
What is 30112 (base 7) in base 16?
1c5d
What is 96 (base 14) in base 5?
1012
-d00a (base 15) to base 12
-21491
-1020203 (base 4) to base 13
-2162
Convert 18b4b (base 14) to base 13.
22649
What is 31a6 (base 12) in base 10?
5454
What is -101011000000110 (base 2) in base 14?
-8050
What is -2612 (base 7) in base 4?
-33131
2001000 (base 3) to base 15
690
517 (base 14) to base 4
33221
What is -4b01 (base 16) in base 7?
-106660
What is -75651 (base 10) in base 3?
-10211202220
Convert -698 (base 13) to base 3.
-1120012
241 (base 5) to base 13
56
Convert -441043 (base 5) to base 13.
-6b83
What is -6073 (base 12) in base 2?
-10100011010111
Convert 25214 (base 6) to base 9.
5131
What is b95 (base 16) in base 12?
1871
Convert 1101010000 (base 2) to base 9.
1142
What is 1657d (base 14) in base 5?
3242341
-302 (base 14) to base 2
-1001001110
272 (base 11) to base 10
321
Convert -12331112 (base 4) to base 15.
-86a2
-187 (base 13) to base 7
-550
What is -cd93 (base 15) in base 12?
-21263
What is 1111 (base 10) in base 5?
13421
707 (base 8) to base 3
121212
Convert -219 (base 14) to base 5.
-3130
What is 2011110 (base 3) in base 15?
703
-1023313 (base 4) to base 6
-34251
What is -9eab (base 15) in base 16?
-8396
What is 113300 (base 5) in base 7?
15150
Convert -15255 (base 7) to base 16.
-109e
What is -a403 (base 12) in base 5?
-1032414
-eaba (base 15) to base 2
-1100001000001011
What is -1031013 (base 4) in base 10?
-4935
-104140 (base 5) to base 8
-7126
What is 3046 (base 11) in base 15?
12e8
What is -21223 (base 4) in base 12?
-437
Convert 2021200110 (base 3) to base 10.
44967
What is 110053 (base 7) in base 5?
1103441
What is 112202 (base 3) in base 9?
482
Convert 1d7 (base 15) to base 2.
110101011
Convert 992c (base 13) to base 5.
1140312
Convert -144431 (base 5) to base 2.
-1100001100001
510 (base 6) to base 7
354
Convert 1022221 (base 3) to base 6.
4254
What is 321004 (base 7) in base 3?
2211020011
What is 1001100001001010 (base 2) in base 3?
1222110221
Convert 123432 (base 5) to base 8.
11403
What is 2428 (base 9) in base 14?
932
What is -311013 (base 6) in base 9?
-37070
Convert 12023 (base 7) to base 9.
4228
Convert -324241 (base 7) to base 4.
-31312102
22201002 (base 3) to base 9
8632
-1111011 (base 2) to base 5
-443
What is 44422 (base 6) in base 7?
24044
What is 8585 (base 9) in base 4?
1202222
What is -723 (base 10) in base 4?
-23103
Convert -118 (base 12) to base 5.
-1124
Convert 330114 (base 5) to base 9.
16427
What is -1304 (base 9) in base 8?
-1720
What is -947 (base 11) in base 3?
-1120020
Convert 11210122 (base 3) to base 8.
6654
2566 (base 9) to base 16
783
Convert 2441 (base 10) to base 6.
15145
Convert 12235 (base 6) to base 11.
1408
-1233331 (base 4) to base 10
-7165
-100322 (base 6) to base 12
-46a2
What is -918 (base 10) in base 16?
-396
-13c1c (base 13) to base 2
-1001000101010101
What is 21244 (base 7) in base 5?
132100
What is -238 (base 13) in base 4?
-12001
What is -1905 (base 10) in base 11?
-1482
Convert 133 (base 14) to base 15.
111
-46 (base 11) to base 15
-35
What is -15427 (base 8) in base 6?
-52035
What is -296 (base 16) in base 5?
-10122
-19a8 (base 11) to base 13
-1203
Convert 6c (base 16) to base 15.
73
Convert 4231 (base 7) to base 9.
2037
2313003 (base 4) to base 13
5442
-3825 (base 16) to base 2
-11100000100101
11124 (base 6) to base 15
6e4
101321 (base 4) to base 10
1145
Convert 121310 (base 6) to base 2.
10100111001010
What is a452 (base 13) in base 2?
101100010111001
What is 62 (base 15) in base 9?
112
-13016 (base 7) to base 2
-110101110011
100351 (base 7) to base 11
11846
Convert 15111 (base 8) to base 15.
1ed9
-12220312 (base 4) to base 12
-1389a
Convert 4214 (base 10) to base 13.
1bc2
-11175 (base 11) to base 5
-1004200
What is 51342 (base 6) in base 4?
1222232
What is -16a (base 12) in base 4?
-3202
1224 (base 5) to base 15
c9
-5053 (base 7) to base 4
-123121
Convert -266 (base 8) to base 5.
-1212
What is -3505 (base 6) in base 7?
-2300
Convert -c85 (base 13) to base 8.
-4131
Convert -302003 (base 5) to base 6.
-112324
-1bb56 (base 13) to base 8
-152602
Convert 10000000010110 (base 2) to base 9.
12236
What is -43310 (base 5) in base 4?
-232023
What is -12020 (base 3) in base 11?
-119
213 (base 14) to base 8
631
Convert 20 (base 7) to base 3.
112
Convert -513 (base 10) to base 14.
-289
Convert 56213 (base 8) to base 5.
1224231
-1263 (base 8) to base 3
-221121
2dc5 (base 16) to base 2
10110111000101
What is 542 (base 7) in base 10?
275
Convert -340 (base 10) to base 15.
-17a
What is 2618 (base 9) in base 4?
132221
What is e3 (base 15) in base 14?
113
What is -2a8 (base 16) in base 9?
-835
What is 842a (base 16) in base 3?
1201102010
Convert 1432332 (base 5) to base 3.
1112121210
-33012222 (base 4) to base 16
-f1aa
What is 1121011110 (base 3) in base 2?
111101011101011
Convert 1a1 (base 13) to base 10.
300
What is 33473 (base 8) in base 11?
a694
What is -15750 (base 14) in base 9?
-81441
What is -2300 (base 8) in base 5?
-14331
Convert -34432 (base 6) to base 5.
-124131
Convert -120013 (base 4) to base 14.
-7c3
What is 5ac0 (base 13) in base 2?
11001000011111
What is 11433 (base 5) in base 15?
3cd
What is -16 (base 11) in base 8?
-21
Convert 141 (base 12) to base 4.
3001
41b (base 12) to base 15
29e
What is 1424213 (base 5) in base 2?
111010011101101
What is -3969 (base 15) in base 6?
-132413
-2959 (base 13) to base 2
-1011101100101
What is 313122 (base 7) in base 15?
10e96
What is -4914 (base 11) in base 8?
-14434
Convert 2010 (base 3) to base 10.
57
-15066 (base 9) to base 16
-281a
-11011021202 (base 3) to base 10
-81857
What is 335252 (base 6) in base 7?
145541
What is -c1c3 (base 15) in base 13?
-1580a
What is 140 (base 16) in base 15?
165
-682 (base 12) to base 6
-4242
Convert 15540 (base 9) to base 3.
112121100
What is -356 (base 14) in base 8?
-1230
-202022 (base 3) to base 7
-1412
-889 (base 15) to base 7
-5424
What is 32131 (base 6) in base 2?
1000100010111
What is 4535 (base 6) in base 5?
13232
-1145 (base 8) to base 6
-2501
-1111101101 (base 2) to base 8
-1755
What is -1009 (base 10) in base 13?
-5c8
What is 31143 (base 5) in base 9?
2725
Convert 1001100101 (base 2) to base 14.
31b
-4bf2 (base 16) to base 14
-712a
Convert 43933 (base 10) to base 2.
1010101110011101
Convert 717 (base 8) to base 4.
13033
Convert 101100201 (base 3) to base 4.
1312000
Convert 322202 (base 4) to base 16.
ea2
Convert -2001111 (base 3) to base 2.
-10111011010
Convert 51 (base 15) to base 10.
76
-1083 (base 14) to base 15
-ca9
Convert 35616 (base 7) to base 8.
22011
What is 1b5 (base 16) in base 10?
437
-1001100101 (base 2) to base 12
-431
What is -3020134 (base 5) in base 3?
-2110002001
What is 671 (base 8) in base 7?
1200
414024 (base 5) to base 14
4d83
-117 (base 11) to base 4
-2023
What is -1102122021 (base 3) in base 9?
-42567
What is 2789 (base 12) in base 14?
1945
Convert -121201110 (base 3) to base 15.
-3929
Convert -54969 (base 10) to base 9.
-83356
Convert 1271 (base 8) to base 5.
10242
What is 3868 (base 9) in base 8?
5521
